
-58
Calculate 2 + -3 + 0 + 1 - (-126 - (-49 - 16)).
61
(-50 - 1) + (1331 - 1292) + 105
93
Calculate 1 + -30 + -18 + 2 + -1.
-46
What is -8 + 19 + (23 + 16 - (-8 - 1)) + 9?
68
What is -98 + 72 + 5 + -7 + (1 - (3 + 6))?
-36
What is the value of (-213 - (-277 + 55)) + (2 - 41)?
-30
What is 82 + -52 + (38 - -2) + 40?
110
What is -21 + (5 - (5 - 6)) - (-152 + -25 + 23)?
139
What is -74 - ((-28 - -35) + 0 + -3)?
-78
What is the value of -20 + (-9 - (-8 + -13)) - 42?
-50
Evaluate 82 - 12 - (9 + 5 + (-3 - 2)).
61
Calculate (10 - (10 - 3) - (-22 + 18 - -4)) + -63.
-60
What is -145 + -7 - -35 - -42 - (1 + -11)?
-65
Evaluate -52 + 95 + (-10 - -1) + 21.
55
Evaluate -2 - (23 + (1 - 0)) - (-100 + -90 + 183).
-19
What is -8 - (-14 + (-13 - (-6 + 4 + (-4 - -4))))?
17
Evaluate (45 - 10 - (209 + -189)) + (0 - -52).
67
Calculate (-26 - -18) + 33 - (79 - 8).
-46
Calculate 1 + 1 - (4 + (15 - 24) + 7) - 10.
-10
What is -12 - ((-15 - -2) + 16 - (25 - 31))?
-21
14 + (-3 - -9) + -100
-80
-50 + (41 - 33 - -31)
-11
Evaluate 119 + (31 - (25 + 13 + -3)).
115
Calculate 50 + -108 + 54 + 56.
52
What is the value of -9 - (-122 + 84 + -25)?
54
(-16 - (17 - 33)) + 29
29
-2 + 13 - (-2 + -32 + 36 + -49 + 1)
57
What is the value of -103 + 12 - -81 - 75?
-85
Evaluate (-11 - -14 - 14) + (-10 - -10 - 0) - 6.
-17
Evaluate (-41 - 3) + (0 - 0) - (132 - 12 - 122).
-42
(-12 - -16) + -22 + -34 + 0 + -3 + -1
-56
What is (28 - -1) + (-5402 - -5404)?
31
-1 + 2 + -14 - (35 + (-50 - -11))
-9
(-245 - (-10 + -56)) + 81
-98
Evaluate 1 + -1 + 2 + 0 + (24 - (0 + 13)).
13
18 + (-1 - (-3 + 9 + -8 - 11))
30
(23 - -1) + -164 + 65 + 89
14
What is the value of 9 + (-44 - (-24 - (-5 + 4)))?
-12
Calculate (9 - (0 - 0)) + (91 - (272 + -138)).
-34
What is -8 + (7 - (33 + 0 + 60 + -68))?
-26
What is the value of -13 - ((0 - (-1 - 13)) + 730 + -726)?
-31
What is 0 + 45 - (81 + (-151 - -216))?
-101
What is -11 + 19 - (5 - 3) - (-48 + -17)?
71
What is the value of (13 + 4 + 23 - 41) + 1 + (2 - -83)?
85
Evaluate -6 - 9 - (-26 + 29) - (-80 + -2).
64
7 - (66 + (247 + -236 - (0 - -22)))
-48
Calculate (-9 - (7 + (-4 - 18) + (19 - 11))) + -26.
-28
Calculate -12 - (-98 - 88 - -116).
58
Evaluate (0 - -6) + -83 + (83 - 69) + 8 + -1.
-56
26 - (14 - -4) - 1 - 4
3
Evaluate -20 + 72 + 0 - (74 + -61).
39
Calculate 2 + 2 + -22 + 39 + 15.
36
What is the value of -3691 - -3682 - (-1 + (3 - 12) + (1 - 2))?
2
Calculate -1 + (0 - 3) + 16 + 14 + 16.
42
What is -12 + 46 + -2 + (1 - (-4 - -10))?
27
What is -36 - 16 - (-301 - -167)?
82
Calculate 18 - 8 - 24 - (-6 + 7 - (-2 + 0)).
-17
Evaluate 6 + -1 - -35 - (-103 + 34 - -55).
54
Evaluate 12 + -3 + (7 + -4 - 5) - (45 - 10).
-28
Calculate -53 + -2 - (10 + -1 - ((-69 - -137) + -66)).
-62
What is 23 - (-2 + -10 + -39 + 67)?
7
What is the value of 2545 - 2574 - (-95 - -2)?
64
What is the value of (-62 - -31) + (-11 - (18 - 10))?
-50
7 - 1 - (10 - (13 + (-34 - 1) + 1))
-25
What is 34 - (25 + -6 - -1) - 125?
-111
What is the value of (-171 - -302) + -217 + 14?
-72
Evaluate 13 + 1 + -1 + (2 - (5 - (20 + -9))).
21
Calculate 18 + -1 - (92 + 37 + -158).
46
-2 - (-1 - (-4 - 0)) - (25 - (35 - -33))
38
Evaluate -5 - (50 + -72 - -14).
3
What is the value of (-276 - -291) + 8 + -6 + -67?
-50
What is (13 - -1) + (32 + 0 - (1955 + -1954))?
45
-28 + (-4 - 8) + 20
-20
What is the value of (-2 - -32) + 0 + (-107 - -3)?
-74
Calculate 2 - (-2 + (1 - -31)) - (-678 + 336 + 339).
-25
What is the value of (22 - -126) + -24 + (-14 - 1) - 0?
109
Calculate (3 + -31 - -50) + -10.
12
Calculate -209 + (36 - -70) - (12 + -4).
-111
Evaluate 7 - -2 - -2 - (-3180 - -3111).
80
(-1 - 1) + (18 + -6 - (-54 - -73))
-9
What is 117 + -164 - (-27 - -2 - -3)?
-25
Evaluate 59 - (-90 - (-150 + 118)).
117
Evaluate 84 + ((-11 - -59) + -96 - -36).
72
What is 1778 - 1887 - (-7 + -74)?
-28
29 + 107 + (-254 - -224)
106
What is the value of (-62 - -92) + -25 + -8 + 1 + -90 + 0?
-92
Evaluate (-36 + (7 - -9) - -78) + -44.
14
Evaluate -11 + -91 + 34 + 25.
-43
7 + -24 + 17 + -12 + (2 - 31)
-41
What is 5 + 2 + (-139 - -130 - (1 + -10)) - -3?
10
What is 17 + -33 - (-19 + 16 + -10 + 1)?
-4
What is the value of 24 - (81 + 9 + -65)?
-1
Evaluate 7 + -64 + 38 + (-3 - 3).
-25
Calculate -32 + -6 + 17 - 11 - -17.
-15
What is the value of 14 + -27 + 2 + 15 + -18 - -7 - -2?
-5
Calculate (2 - (-2 - -119)) + (-30 - (-43 + 29 - 27)).
-104
Evaluate 4 + (9 - (-4 + -15 + 19) - 12 - -62).
63
What is the value of -35 + -37 + -7 - -48?
-31
What is the value of (55 - 44) + -18 - -5?
-2
Calculate 13 + 176 + -72 + -76.
41
13 + -1 + -31 + 17 + -31 + -34
-67
38 - (-10 + 1 - (25 - 28) - -1)
43
What is the value of -20 - (-34 + (-4 - -8)) - 5 - -19?
24
What is the value of -12 - (13 - (-21 - -60))?
14
What is 17 + (-21 - -16 - (-11 + 9 + -1))?
15
What is the value of 8 - (30 - (21 - 3) - (-23 - 0))?
-27
(55 - (128 - -106)) + 32
-147
What is the value of (7 - 20) + -8 + 27 + (-2 + -1 - 51)?
-48
2 + 0 - 11 - (-6 - 36 - (26 + -14))
45
What is the value of 70 + 69 - 64 - 24?
51
Evaluate -133 + (-25 - (-28 - 50)).
-80
Calculate (19 + (-34 - -27) - (1 + 10)) + -9.
-8
Calculate 9 - 40 - -83 - (-4 + 4 - 1).
53
What is (1 - 16) + 0 - -19 - (3 - (-5 - 19))?
-23
Evaluate -2 + -3 + 1 - (48 - (-4 + 34)).
-22
What is 4 + -23 - (11 + 1 + (9 - (-5 + 15)))?
-30
Evaluate -23 - (-7 + -12) - (8 + -3 + -41 + 3).
29
Evaluate 119 - ((-18 - (-4 - -17 - 21)) + 20 + -4).
113
31 + -73 + 12 + 29
-1
147 - (-14 - -192) - (2 + 22)
-55
What is 1 - (24 - ((-4 - 4) + 3) - -1)?
-29
Calculate (-74 - -14) + 17 + 19.
-24
Evaluate -21 + (56 - (24 - 57 - -68)).
0
-10 - (1 - 1) - (601 + -621) - 17 - 0
-7
Evaluate (27 - (7 + -2)) + -13 + (8 + 0 - 4).
13
What is -6947 + 6827 + 119 + 4?
3
What is 570 + -563 - (3 - 0)?
4
What is ((147 - 150) + -1 + (-1 - 2) - 34) + -8?
-49
What is 48 + 14 + 18 + 11 + -31?
60
Calculate (0 - -184) + -565 + 483.
102
-1 + -61 + 2031 + -1989
-20
What is the value of 36 + 36 + -13 + -65 + 8?
2
Evaluate -8 - -11 - -5 - -1 - (-25 + 3 + -2).
33
Evaluate -8 + -1 + 15 - 13 - -76 - -4.
73
Evaluate -706 + 785 - (-6 - -7 - -5).
73
Evaluate (-1 - (-1 + 7)) + (-37 - (-17 + 9)).
-36
239 + -306 + (-8 - (-25 + 0))
-50
87 - -1 - (1053 - 999)
34
What is -335 - -367 - (5 - 9)?
36
Evaluate -9 + (-4 - (-1 + -60) - (95 + -86)).
39
15 + (-2 - 0) + 6 + (-16 - 27)
-24
What is the value of 14442 + -14354 + 1 + -101?
-12
Evaluate 46 - (11 - -47) - -72.
60
(13 - 176) + -492 + 601
-54
What is -7 - ((-1 - 0 - 11) + 1012 + -962)?
-45
What is (15 - 33) + 32 + (-2 - 10) + 8?
10
Evaluate (-4 - (2 + -4)) + (-5 - -63) - (115 + -117).
58
What is 10 - -3 - (-110 + 65 + 1)?
57
What is 24 - (8 + 8 + -19) - (-16 - -2)?
41
Calculate 2 - (-1 + -4 + -1 - (1977 - 1973)).
12
What is -39 + -75 - -163 - ((3 - 0) + -1 + -9)?
56
23 - (25 - (-21 + 59 + -23))
13
What is the value of 0 + -49 - -4 - 13 - (18 + 4 - 13)?
-67
Evaluate -1 + -1 + 2 - ((57 + 25 - 36) + 71).
-117
What is the value of (39 + -6 - (60 - 34)) + -54?
-47
What is (442 - 468) + (3 - -55)?
32
What is the value of 2 + (-11 - -3) - (15 + -39 - -18)?
0
Calculate 30 - 52 - -27 - ((13 - 3) + (7 - 0)).
-12
-30 + 42 + 1 - -14
27
What is the value of 11 + -13 + -1 + (-4 - (10 - -41))?
-58
What is the value of (47 - -13) + -48 - (3 - 4 - 5)?
18
Calculate 4 + -34 + (161 - (-38 - -97)).
72
-2 + 0 - (4 - 21 - -77)
-62
Evaluate (15 - -31) + 1 + (-1 - 1) + 2.
47
-28 + 0 - (31 + -44 - 4 - -33)
-44
42 + (-13 - (72 + -103 - (-5 - 1)))
54
What is -14 + 0 - (-678 - -676)?
-12
(-119 - (-121 - 131)) + -155
-22
What is the value of (-96 - (2 + -28 + 43)) + 39?
-74
Calculate 20 + (-22 - -61) + -63.
-4
(2050 - 2305) + 1 + 120
-134
What is the value of (-6 - (0 + 1)) + (29 - 112 - -159)?
69
-31 + (3 + -13 + 7 - 6)
-40
Evaluate 10 + (-22 - 59 - -119).
48
Calculate -14 + 4 - (-54 + 13) - 141.
-110
Evaluate (-28 - (7 + -24)) + (-6 + -3 - 12).
-32
What is the value of 36 + 42 + -6 + -36 + 27?
63
81 + -55 + 13 + 49 + 1 + -16
73
What is the value of -35 + -24 - -172 - 86?
27
Calculate 57 + (-109 + 47 - 27).
-32
Evaluate -25 + 38 + -15 + (-3 - (3 + -3)) + -123.
-128
Evaluate (-13 + 17 - 33 - 118) + 39.
-108
Calculate (-32 - -11) + (-2 + -1 - 18).
-42
What is 150 - 157 - -57 - 25?
25
What is the value of -23 - (-45 + -30 - -31)?
21
Calculate -156 - -193 - ((9 - -25) + -6).
9
What is -11 + -1 + (-